of 25136498?
4
What is the hundred thousands digit of 72508569?
5
What is the units digit of 22949599?
9
What is the millions digit of 700955777?
0
What is the hundred thousands digit of 2418622914?
6
What is the thousands digit of 164378437?
8
What is the hundred thousands digit of 15017651?
0
What is the thousands digit of 332620347?
0
What is the ten thousands digit of 15854154?
5
What is the hundred thousands digit of 6847752855?
7
What is the hundred thousands digit of 251615257?
6
What is the tens digit of 81330010?
1
What is the hundred millions digit of 545397542?
5
What is the hundreds digit of 11813940?
9
What is the thousands digit of 186454313?
4
What is the thousands digit of 552896941?
6
What is the billions digit of 2748559709?
2
What is the tens digit of 1104824798?
9
What is the ten millions digit of 57422978?
5
What is the tens digit of 560405771?
7
What is the hundreds digit of 15742683?
6
What is the hundred millions digit of 1073746983?
0
What is the tens digit of 359606350?
5
What is the ten thousands digit of 55669905?
6
What is the hundred millions digit of 241720917?
2
What is the hundreds digit of 3772154?
1
What is the hundreds digit of 4382243574?
5
What is the hundred thousands digit of 224453509?
4
What is the billions digit of 1024363584?
1
What is the thousands digit of 841737897?
7
What is the hundred millions digit of 812394205?
8
What is the hundred millions digit of 213749342?
2
What is the ten millions digit of 2802866906?
0
What is the thousands digit of 441905656?
5
What is the hundred thousands digit of 427952959?
9
What is the ten thousands digit of 250092576?
9
What is the hundred thousands digit of 1358410357?
4
What is the millions digit of 416405065?
6
What is the hundred thousands digit of 3235396715?
3
What is the tens digit of 1594278770?
7
What is the tens digit of 558974157?
5
What is the ten thousands digit of 876700147?
0
What is the ten thousands digit of 3129360?
2
What is the ten thousands digit of 376112425?
1
What is the thousands digit of 174151055?
1
What is the hundred millions digit of 222593584?
2
What is the hundred thousands digit of 39219557?
2
What is the hundred thousands digit of 2257567525?
5
What is the ten millions digit of 894431076?
9
What is the millions digit of 267398871?
7
What is the tens digit of 1584510648?
4
What is the hundred millions digit of 458392176?
4
What is the ten millions digit of 44805542?
4
What is the millions digit of 104279391?
4
What is the thousands digit of 109639676?
9
What is the hundreds digit of 280378840?
8
What is the hundreds digit of 243136912?
9
What is the units digit of 5149404529?
9
What is the hundred thousands digit of 555152177?
1
What is the tens digit of 179297466?
6
What is the millions digit of 4364407203?
4
What is the units digit of 393548140?
0
What is the hundred thousands digit of 798142259?
1
What is the ten thousands digit of 6984304?
8
What is the hundreds digit of 1100609087?
0
What is the tens digit of 58006260?
6
What is the hundreds digit of 34627670?
6
What is the thousands digit of 6397785864?
5
What is the units digit of 3927929540?
0
What is the millions digit of 62217819?
2
What is the hundreds digit of 33814237?
2
What is the ten thousands digit of 70260636?
6
What is the units digit of 34611786?
6
What is the millions digit of 1777392?
1
What is the units digit of 2586255950?
0
What is the thousands digit of 80087340?
7
What is the tens digit of 4222847950?
5
What is the ten millions digit of 29616827?
2
What is the units digit of 3983467576?
6
What is the millions digit of 23552343?
3
What is the ten thousands digit of 467028398?
2
What is the thousands digit of 45458034?
8
What is the ten millions digit of 5380106774?
8
What is the hundred millions digit of 6134135230?
1
What is the millions digit of 596518616?
6
What is the hundred thousands digit of 105817297?
8
What is the millions digit of 2790611519?
0
What is the ten thousands digit of 8821828142?
2
What is the ten thousands digit of 1982748233?
4
What is the hundreds digit of 121586530?
5
What is the hundred millions digit of 7811436478?
8
What is the hundreds digit of 39009143?
1
What is the units digit of 151809916?
6
What is the ten millions digit of 35067735?
3
What is the tens digit of 3693795656?
5
What is the hundred millions digit of 3689307940?
6
What is the hundreds digit of 33418912?
9
What is the ten millions digit of 33561389?
3
What is the units digit of 142616166?
6
What is the thousands digit of 3297504664?
4
What is the millions digit of 320730788?
0
What is the hundred thousands digit of 1592481?
5
What is the thousands digit of 1141697648?
7
What is the millions digit of 59057599?
9
What is the hundreds digit of 158398832?
8
What is the ten thousands digit of 17715426?
1
What is the tens digit of 275386538?
3
What is the ten thousands digit of 136364803?
6
What is the tens digit of 129368624?
2
What is the hundred thousands digit of 2940821613?
8
What is the ten millions digit of 3907220832?
0
What is the hundreds digit of 9346978?
9
What is the billions digit of 1071637757?
1
What is the hundred thousands digit of 358069451?
0
What is the hundred millions digit of 120775308?
1
What is the ten thousands digit of 1819791423?
9
What is the millions digit of 193133479?
3
What is the ten millions digit of 19672270?
1
What is the ten millions digit of 573836553?
7
What is the thousands digit of 98738396?
8
What is the units digit of 676494956?
6
What is the units digit of 787748732?
2
What is the tens digit of 14187086?
8
What is the tens digit of 56027757?
5
What is the ten millions digit of 47198499?
4
What is the hundreds digit of 39080752?
7
What is the thousands digit of 11891304?
1
What is the hundreds digit of 43622373?
3
What is the ten thousands digit of 61803248?
0
What is the units digit of 988714900?
0
What is the hundred millions digit of 171085655?
1
What is the thousands digit of 310292704?
2
What is the ten thousands digit of 27500094?
0
What is the thousands digit of 411860155?
0
What is the tens digit of 731074600?
0
What is the hundred thousands digit of 51363152?
3
What is the units digit of 820282726?
6
What is the hundred thousands digit of 413885971?
8
What is the thousands digit of 21815629?
5
What is the units digit of 113482182?
2
What is the units digit of 86863900?
0
What is the billions digit of 1731101197?
1
What is the hundred thousands digit of 5129310846?
3
What is the ten thousands digit of 5919144617?
4
What is the hundreds digit of 732245488?
4
What is the hundreds digit of 167380723?
7
What is the hundred millions digit of 6366696219?
3
What is the tens digit of 85791150?
5
What is the ten millions digit of 1275677272?
7
What is the tens digit of 27814922?
2
What is the thousands digit of 920083042?
3
What is the millions digit of 80305697?
0
What is the thousands digit of 1820299810?
9
What is the millions digit of 16670603?
6
What is the hundred millions digit of 2127911301?
1
What is the units digit of 60564919?
9
What is the hundreds digit of 24313380?
3
What is the millions digit of 2372677?
2
What is the thousands digit of 88191552?
1
What is the ten millions digit of 44447923?
4
What is the hundreds digit of 99699292?
2
What is the millions digit of 232337822?
2
What is the units digit of 1676820386?
6
What is the hundreds digit of 53389903?
9
What is the thousands digit of 952168334?
8
What is the ten millions digit of 231936490?
3
What is the ten thousands digit of 3236981829?
8
What is the hundred thousands digit of 2377911332?
9
What is the hundreds digit of 752510902?
9
What is the millions digit of 1014475822?
4
What is the hundreds digit of 2044510158?
1
What is the millions digit of 16114966?
6
What is the ten thousands digit of 7395490416?
9
What is the thousands digit of 1508531920?
1
What is the ten thousands digit of 47768937?
6
What is the thousands digit of 120687562?
7
What is the units digit of 39213863?
3
What is the ten thousands digit of 443382504?
8
What is the thousands digit of 246628621?
8
What is the thousands digit of 67902507?
2
What is the units digit of 5375880113?
3
What is the ten millions digit of 457556094?
5
What is the hundred millions digit of 114160729